{"id":2,"date":"2026-04-27T11:35:56","date_gmt":"2026-04-27T11:35:56","guid":{"rendered":"http:\/\/nadine-dobslaff.com\/?page_id=2"},"modified":"2026-04-27T15:38:00","modified_gmt":"2026-04-27T15:38:00","slug":"sample-page","status":"publish","type":"page","link":"https:\/\/nadine-dobslaff.com\/","title":{"rendered":"Bienvenue sur mon site &#8211; Willkommen auf meiner Webseite"},"content":{"rendered":"\t\t<div data-elementor-type=\"wp-page\" data-elementor-id=\"2\" class=\"elementor elementor-2\" data-elementor-settings=\"{&quot;ha_cmc_init_switcher&quot;:&quot;no&quot;}\" data-elementor-post-type=\"page\">\n\t\t\t\t<div class=\"elementor-element elementor-element-dfdec84 e-flex e-con-boxed e-con e-parent\" data-id=\"dfdec84\" data-element_type=\"container\" data-e-type=\"container\" data-settings=\"{&quot;_ha_eqh_enable&quot;:false}\">\n\t\t\t\t\t<div class=\"e-con-inner\">\n\t\t<div class=\"elementor-element elementor-element-1b29665 e-con-full e-flex e-con e-child\" data-id=\"1b29665\" data-element_type=\"container\" data-e-type=\"container\" data-settings=\"{&quot;_ha_eqh_enable&quot;:false}\">\n\t\t\t\t<div class=\"elementor-element elementor-element-5aea406 elementor-widget elementor-widget-text-editor\" data-id=\"5aea406\" data-element_type=\"widget\" data-e-type=\"widget\" data-widget_type=\"text-editor.default\">\n\t\t\t\t\t\t\t\t\t\n<p>\u00a0<\/p>\n<p><strong>Site en cours de mise \u00e0 jour technique.<br \/>Il sera de retour tr\u00e8s prochainement.<\/strong><\/p>\n<p><\/p>\n<p>Faire avancer vos projets franco-allemands, concr\u00e8tement.<br \/>Quand ils ralentissent \u2014 ou se bloquent.<\/p>\n<p><\/p>\n<p>Au croisement des cultures, des \u00e9quipes et des enjeux op\u00e9rationnels.<\/p>\n<p><\/p>\n<p>Formations interculturelles \u00b7 facilitation \u00b7 temps partag\u00e9.<\/p>\n<p><\/p>\n<p>Contact : <a href=\"http:\/\/www.linkedin.com\/in\/nadine-dobslaff\" data-type=\"link\" data-id=\"www.linkedin.com\/in\/nadine-dobslaff\">Nadine Dobslaff LinkedIn.<\/a><\/p>\n\t\t\t\t\t\t\t\t<\/div>\n\t\t\t\t<\/div>\n\t\t<div class=\"elementor-element elementor-element-1183bfe e-con-full e-flex e-con e-child\" data-id=\"1183bfe\" data-element_type=\"container\" data-e-type=\"container\" data-settings=\"{&quot;_ha_eqh_enable&quot;:false}\">\n\t\t\t\t<div class=\"elementor-element elementor-element-e7f3632 elementor-widget elementor-widget-text-editor\" data-id=\"e7f3632\" data-element_type=\"widget\" data-e-type=\"widget\" data-widget_type=\"text-editor.default\">\n\t\t\t\t\t\t\t\t\t\n<p><\/p>\n<p><\/p>\n<p>Diese Website wird aktuell technisch aktualisiert.<br \/>Sie ist in K\u00fcrze wieder online.<\/p>\n<p><\/p>\n<p>Deutsch-franz\u00f6sische Projekte konkret voranbringen.<br \/>Wenn sie ins Stocken geraten \u2014 oder nicht mehr vorankommen.<\/p>\n<p><\/p>\n<p>Im Spannungsfeld von Kulturen, Teams und operativen Herausforderungen.<\/p>\n<p><\/p>\n<p>Interkulturelle Trainings \u00b7 Workshops \u00b7 operative Unterst\u00fctzung auf Zeit.<\/p>\n<p><\/p>\n<p>Kontakt: <a href=\"http:\/\/www.linkedin.com\/in\/nadine-dobslaff\" data-type=\"link\" data-id=\"www.linkedin.com\/in\/nadine-dobslaff\">Nadine Dobslaff LinkedIn<\/a><\/p>\n<p><\/p>\n<p>\u00a0<\/p>\n\t\t\t\t\t\t\t\t<\/div>\n\t\t\t\t<\/div>\n\t\t\t\t\t<\/div>\n\t\t\t\t<\/div>\n\t\t\t\t<\/div>\n\t\t","protected":false},"excerpt":{"rendered":"<p>\u00a0 Site en cours de mise \u00e0 jour technique.Il sera de retour tr\u00e8s prochainement. Faire avancer vos projets franco-allemands, concr\u00e8tement.Quand [&hellip;]<\/p>\n","protected":false},"author":1,"featured_media":0,"parent":0,"menu_order":0,"comment_status":"closed","ping_status":"open","template":"elementor_header_footer","meta":{"site-sidebar-layout":"default","site-content-layout":"","ast-site-content-layout":"default","site-content-style":"default","site-sidebar-style":"default","ast-global-header-display":"","ast-banner-title-visibility":"","ast-main-header-display":"","ast-hfb-above-header-display":"","ast-hfb-below-header-display":"","ast-hfb-mobile-header-display":"","site-post-title":"","ast-breadcrumbs-content":"","ast-featured-img":"","footer-sml-layout":"","ast-disable-related-posts":"","theme-transparent-header-meta":"","adv-header-id-meta":"","stick-header-meta":"","header-above-stick-meta":"","header-main-stick-meta":"","header-below-stick-meta":"","astra-migrate-meta-layouts":"default","ast-page-background-enabled":"default","ast-page-background-meta":{"desktop":{"background-color":"var(--ast-global-color-5)","background-image":"","background-repeat":"repeat","background-position":"center center","background-size":"auto","background-attachment":"scroll","background-type":"","background-media":"","overlay-type":"","overlay-color":"","overlay-opacity":"","overlay-gradient":""},"tablet":{"background-color":"","background-image":"","background-repeat":"repeat","background-position":"center center","background-size":"auto","background-attachment":"scroll","background-type":"","background-media":"","overlay-type":"","overlay-color":"","overlay-opacity":"","overlay-gradient":""},"mobile":{"background-color":"","background-image":"","background-repeat":"repeat","background-position":"center center","background-size":"auto","background-attachment":"scroll","background-type":"","background-media":"","overlay-type":"","overlay-color":"","overlay-opacity":"","overlay-gradient":""}},"ast-content-background-meta":{"desktop":{"background-color":"var(--ast-global-color-4)","background-image":"","background-repeat":"repeat","background-position":"center center","background-size":"auto","background-attachment":"scroll","background-type":"","background-media":"","overlay-type":"","overlay-color":"","overlay-opacity":"","overlay-gradient":""},"tablet":{"background-color":"var(--ast-global-color-4)","background-image":"","background-repeat":"repeat","background-position":"center center","background-size":"auto","background-attachment":"scroll","background-type":"","background-media":"","overlay-type":"","overlay-color":"","overlay-opacity":"","overlay-gradient":""},"mobile":{"background-color":"var(--ast-global-color-4)","background-image":"","background-repeat":"repeat","background-position":"center center","background-size":"auto","background-attachment":"scroll","background-type":"","background-media":"","overlay-type":"","overlay-color":"","overlay-opacity":"","overlay-gradient":""}},"footnotes":""},"class_list":["post-2","page","type-page","status-publish","hentry"],"_links":{"self":[{"href":"https:\/\/nadine-dobslaff.com\/index.php\/wp-json\/wp\/v2\/pages\/2","targetHints":{"allow":["GET"]}}],"collection":[{"href":"https:\/\/nadine-dobslaff.com\/index.php\/wp-json\/wp\/v2\/pages"}],"about":[{"href":"https:\/\/nadine-dobslaff.com\/index.php\/wp-json\/wp\/v2\/types\/page"}],"author":[{"embeddable":true,"href":"https:\/\/nadine-dobslaff.com\/index.php\/wp-json\/wp\/v2\/users\/1"}],"replies":[{"embeddable":true,"href":"https:\/\/nadine-dobslaff.com\/index.php\/wp-json\/wp\/v2\/comments?post=2"}],"version-history":[{"count":24,"href":"https:\/\/nadine-dobslaff.com\/index.php\/wp-json\/wp\/v2\/pages\/2\/revisions"}],"predecessor-version":[{"id":38,"href":"https:\/\/nadine-dobslaff.com\/index.php\/wp-json\/wp\/v2\/pages\/2\/revisions\/38"}],"wp:attachment":[{"href":"https:\/\/nadine-dobslaff.com\/index.php\/wp-json\/wp\/v2\/media?parent=2"}],"curies":[{"name":"wp","href":"https:\/\/api.w.org\/{rel}","templated":true}]}}